ulate the greatest common factor of k and u.
14
Let k(s) = -3*s**2 - 27*s - 56. Let h(c) = -c**2 - 13*c - 28. Let f(q) = 5*h(q) - 2*k(q). Let d be f(14). What is the highest common factor of d and 2?
2
Suppose -q - 11*v + 41 = -10*v, 4*v - 8 = 0. What is the highest common factor of q and 91?
13
Suppose -3*r + 150 = 2*g, -60*r + 62*r - 100 = -5*g. Calculate the highest common divisor of r and 140.
10
Suppose -6 = -3*y + 3. Suppose 12 = -5*p + p. Let v be y - (6 + 3)/p. What is the greatest common factor of 2 and v?
2
Let d(p) = -p + 122. Let o be d(29). What is the greatest common divisor of o and 2139?
93
Let r(q) = 3*q - 13. Let d be r(9). Let w(a) = -2*a + 3. Let i be w(5). Let c be i/((1/(-1))/1). Calculate the greatest common divisor of c and d.
7
Let u be ((-17)/1)/((-74)/4292). What is the highest common divisor of 34 and u?
34
Suppose d - 16 + 8 = 0. Suppose d*x + 12 = 10*x. Suppose 5*m = -3*p + 102, -3*m + 6*m - 4*p = 38. What is the greatest common divisor of m and x?
6
Suppose l - 21 = 34. Let q be 20/(-6)*(-3)/2. Suppose -y = -0*y - q. What is the highest common divisor of y and l?
5
Suppose -19 = 3*m - 5*i, -3*i = 4*m - 1 - 22. Let j(g) = 3*g**2 + 7*g - 11. Let s be j(m). What is the highest common divisor of 5 and s?
5
Let w(o) = 2*o + 4. Let s be w(2). Let b = s - 4. Let k(d) = -d**3 - 16*d**2 - 17*d - 6. Let f be k(-15). What is the greatest common divisor of f and b?
4
Let p be (-2)/(4/(-8) + 1). Let v(n) = n**2 + 7*n + 3. Let y be v(p). Let m = y + 30. Calculate the highest common divisor of 84 and m.
21
Let d = -704 - -711. Calculate the greatest common divisor of d and 483.
7
Let o = -76 - -82. Calculate the highest common divisor of o and 90.
6
Let j = 3290 + -3274. Let f(m) = -m + 8. Let b be f(8). Suppose b = 4*v - 20, -19 + 7 = -o - 2*v. Calculate the greatest common divisor of j and o.
2
Suppose 54 - 162 = -6*a. Calculate the greatest common divisor of 288 and a.
18
Let q(m) = -m**2 - 13*m + 3. Suppose 3*j - 60 = 8*j. Let u be q(j). Calculate the highest common factor of 135 and u.
15
Suppose 0 = 3*n + n. Suppose 2*c - 3 - 1 = n. Let x be 10 + (6 + -2)/(-4 + 5). What is the greatest common divisor of x and c?
2
Let w(z) = 3*z**2 - 46*z - 37. Let c be w(17). Calculate the greatest common divisor of c and 1200.
48
Let c = 28 - -118. Let v = -6 + c. What is the greatest common factor of v and 28?
28
Suppose 2*j + 5 = 3*j. Suppose 35 = j*l - 25. Suppose s + 5*u = 13, 7 = 3*s + 5*u - l. What is the greatest common factor of s and 33?
3
Let q = 98 - 75. Calculate the greatest common divisor of q and 184.
23
Suppose 30*j = -7*j + 3404. What is the highest common factor of 28 and j?
4
Let d = -9 + 13. Suppose 4*f - 4*h = 56, f + d*f + 2*h = 56. Suppose -4*t + 2*t = -6. What is the highest common divisor of f and t?
3
Let d(k) = 2*k**2 - 2*k - 22. Let y be d(-12). Let x = y - 214. Suppose -29 = -n + 5*u, 0 = 5*n + 2*u - u - 93. What is the greatest common factor of n and x?
19
Let o(p) = -24*p + 1029. Let w be o(31). What is the highest common divisor of w and 30?
15
Suppose -q + 7 = 2*a, -3*a = -0*a + 4*q - 8. Let h be a - 1 - (-37 + 0). Calculate the highest common factor of 60 and h.
20
Suppose 5*o - 839 - 431 = 0. Suppose -5*r + 8*u + o = 12*u, -96 = -2*r + 4*u. Calculate the highest common factor of r and 125.
25
Let p be 88/(-7)*539/(-14). What is the greatest common factor of p and 88?
44
Suppose 2*a + 62 = a. Let f = a + 150. Let w = 21 + -13. Calculate the highest common factor of w and f.
8
Suppose -3*y - 3 + 0 = 0. Let l be 25*y*11/(-11). What is the highest common divisor of l and 5?
5
Suppose -59 - 64 = -4*x + u, 0 = -3*x - 3*u + 111. Calculate the highest common divisor of x and 176.
16
Let p(n) = 18*n - 75. Let d(q) = -q**2 - 17*q + 7. Let o be d(-17). Let z be p(o). Calculate the highest common divisor of z and 85.
17
Let f = 631 - 583. Calculate the highest common factor of f and 32.
16
Let y be (-21)/(-28) - 90/(-8). Let k be (98/(-4))/((-6)/y). Let r = 6 + k. What is the greatest common divisor of 22 and r?
11
Let c(h) = h**3 + 6*h**2 + 2*h + 10. Let n be c(-5). Calculate the highest common factor of 275 and n.
25
Let r = -321 + 329. Calculate the greatest common factor of r and 216.
8
Let y(j) be the second derivative of -31*j**5/20 - j**3/3 - j**2/2 - 7*j. Let h be y(-1). Calculate the greatest common divisor of 8 and h.
8
Suppose 20 - 1964 = -9*n. Calculate the greatest common divisor of n and 8.
8
Suppose -g + 7 - 8 = 0. Let b be 1*(153/6 + g/(-2)). Suppose -3*d - 156 = -7*d. Calculate the highest common divisor of d and b.
13
Suppose 4*m + 0 + 12 = 0. Let r be ((-7)/m)/(9/54). Let l be 28/(-3 - 64/(-20)). Calculate the greatest common factor of l and r.
14
Let y = 2381 + -2351. Let w(m) = -39*m + 3. Let i be w(-3). What is the greatest common factor of i and y?
30
Let u be (-3978)/65 + 8/(-10). Let f be (-15)/(-60) - u/8. Let o be 106 - (-3 + f/2). Calculate the greatest common factor of o and 15.
15
Let g be ((-3630)/(-27))/11 - (-4)/(-18). Let n be 24/9*81/2. Calculate the greatest common factor of g and n.
12
Let l(j) = j**3 - 5*j**2 - 2*j + 14. Let i(u) = u. Let g(o) = -5*i(o) + l(o). Let z be g(6). Calculate the greatest common factor of 1 and z.
1
Let y = -123 + 142. Suppose 0 = 6*b - 8*b - 4. Let t be (-38)/(b/(-4) + -1). Calculate the highest common divisor of t and y.
19
Let m(j) = -j - 1. Let s be m(-5). Let q be -2 - (6/6 - 3). Suppose -2*t + 0*t + 2 = q, s*o - 25 = -t. Calculate the greatest common divisor of o and 18.
6
Suppose 0 = -5*n - 4*u - 176, -n + 2*u + 4 = 42. Let a = n + 61. Calculate the highest common factor of 175 and a.
25
Let b = -610 - -654. What is the highest common factor of b and 143?
11
Let f(n) = -2*n**2 - 10*n + 7. Let v be f(-4). Let t(m) = -m**2 - 20*m - 33. Let y be t(-18). Calculate the greatest common divisor of v and y.
3
Let t = 166 + -156. Let x = 22 - t. Let u(c) = 23*c - 6. Let g be u(6). What is the highest common divisor of g and x?
12
Let m be (9 - (-9)/3)*-4. Let l = m - -138. Let q(o) = o**3 - 3*o**2 - 2*o - 4. Let n be q(5). What is the highest common divisor of l and n?
18
Let z(d) = d + 4. Let c be z(10). Let s = 0 + c. Suppose 3*n - 2*n = 3*w - s, 4*w = -2*n + 12. What is the highest common divisor of w and 2?
2
Let h(v) be the first derivative of -v**4/4 + 8*v**3/3 - 4*v**2 + 9*v + 76. Let x = 18 + -12. Let z be h(x). What is the highest common factor of 22 and z?
11
Suppose 5*s + 417 = z, z - 2*s = 569 - 143. Calculate the greatest common factor of z and 96.
48
Suppose 5*n - 12 = 3*n. Suppose 7*c - 13 + n = 0. Suppose 5 = 5*u - 0. What is the greatest common divisor of c and u?
1
Let c = 525 - 280. What is the greatest common factor of 280 and c?
35
Suppose -8*n + 3*n - 405 = 0. Let i be n/(-15) - (-2)/(-5). Suppose q - i - 1 = 0. What is the highest common factor of 12 and q?
6
Suppose -990 = -2*a + 410. Calculate the greatest common factor of a and 210.
70
Let u = 27 - -108. Let h = 56 - 41. What is the highest common factor of u and h?
15
Let u = 13 - 5. Suppose 102 = i + 4*j, 2*j + 2*j = u. Calculate the greatest common factor of i and 235.
47
Let y = 14 - 6. Let i be (180/(-8))/(3/(-4)). Let z be i/20*4/6. Calculate the greatest common divisor of z and y.
1
Let y(b) = 2*b**2 + b - 9. Let c be y(4). Let o be -4*(3 - c/6). Calculate the highest common factor of o and 9.
3
Let m = -478 + 628. Calculate the highest common divisor of m and 90.
30
Suppose 5 = 15*y - 14*y. Suppose y*t + 5*p + 0*p - 125 = 0, -5*t = 3*p - 119. Calculate the highest common factor of t and 176.
22
Let t = -667 + 867. Calculate the greatest common divisor of t and 900.
100
Suppose 0 = 3*i + 4*h - 53, 0 = 3*i + 2*i - h - 119. Suppose 0 = 3*u - 5*j - 69, -4*u - 2*j - 51 = -143. What is the highest common factor of i and u?
23
Let s be (0 - 2/(-4)) + 3928/16. Let f be (-10)/6*2*s/(-4). What is the highest common divisor of 41 and f?
41
Suppose -578 = 6*q - 1658. Calculate the greatest common divisor of q and 340.
20
Suppose 15*l - 851 = 169. Calculate the highest common divisor of 238 and l.
34
Suppose -3*m + 6*m - 9 = 0. Suppose 3*t + 4*z = 14, -5*t + 22 + 5 = m*z. Let c be (9/4)/(15/40). What is the highest common factor of c and t?
6
Suppose 3002*f + 192 = 3006*f. Cal